{"id":12878,"date":"2021-03-31T09:45:45","date_gmt":"2021-03-31T12:45:45","guid":{"rendered":"https:\/\/preview.tutorlms.com\/elementor-starter\/?page_id=12878"},"modified":"2023-06-21T15:04:26","modified_gmt":"2023-06-21T18:04:26","slug":"eventos-2","status":"publish","type":"page","link":"https:\/\/espacomerkaba.com.br\/site\/eventos-2\/","title":{"rendered":"Eventos"},"content":{"rendered":"\t\t<div data-elementor-type=\"wp-page\" data-elementor-id=\"12878\" class=\"elementor elementor-12878\">\n\t\t\t\t\t\t<section class=\"elementor-section elementor-top-section elementor-element elementor-element-938dc51 elementor-section-boxed elementor-section-height-default elementor-section-height-default\" data-id=\"938dc51\" data-element_type=\"section\" data-settings=\"{&quot;background_background&quot;:&quot;classic&quot;}\">\n\t\t\t\t\t\t\t<div class=\"elementor-background-overlay\"><\/div>\n\t\t\t\t\t\t\t<div class=\"elementor-container elementor-column-gap-default\">\n\t\t\t\t\t<div class=\"elementor-column elementor-col-100 elementor-top-column elementor-element elementor-element-d098471\" data-id=\"d098471\" data-element_type=\"column\">\n\t\t\t<div class=\"elementor-widget-wrap elementor-element-populated\">\n\t\t\t\t\t\t<div class=\"elementor-element elementor-element-2d97d4d elementor-widget elementor-widget-heading\" data-id=\"2d97d4d\" data-element_type=\"widget\" data-widget_type=\"heading.default\">\n\t\t\t\t<div class=\"elementor-widget-container\">\n\t\t\t\t\t<h2 class=\"elementor-heading-title elementor-size-default\">Eventos<\/h2>\t\t\t\t<\/div>\n\t\t\t\t<\/div>\n\t\t\t\t<div class=\"elementor-element elementor-element-9fa300c elementor-widget elementor-widget-heading\" data-id=\"9fa300c\" data-element_type=\"widget\" data-widget_type=\"heading.default\">\n\t\t\t\t<div class=\"elementor-widget-container\">\n\t\t\t\t\t<h2 class=\"elementor-heading-title elementor-size-default\">p\u00e1gina inicial &gt; eventos<\/h2>\t\t\t\t<\/div>\n\t\t\t\t<\/div>\n\t\t\t\t\t<\/div>\n\t\t<\/div>\n\t\t\t\t\t<\/div>\n\t\t<\/section>\n\t\t\t\t<section class=\"elementor-section elementor-top-section elementor-element elementor-element-dbd67c6 elementor-section-boxed elementor-section-height-default elementor-section-height-default\" data-id=\"dbd67c6\" data-element_type=\"section\">\n\t\t\t\t\t\t<div class=\"elementor-container elementor-column-gap-default\">\n\t\t\t\t\t<div class=\"elementor-column elementor-col-100 elementor-top-column elementor-element elementor-element-c6ede8b\" data-id=\"c6ede8b\" data-element_type=\"column\">\n\t\t\t<div class=\"elementor-widget-wrap elementor-element-populated\">\n\t\t\t\t\t\t<div class=\"elementor-element elementor-element-8d8277b elementor-widget elementor-widget-heading\" data-id=\"8d8277b\" data-element_type=\"widget\" data-widget_type=\"heading.default\">\n\t\t\t\t<div class=\"elementor-widget-container\">\n\t\t\t\t\t<h2 class=\"elementor-heading-title elementor-size-default\">Eventos - O que vem por a\u00ed<\/h2>\t\t\t\t<\/div>\n\t\t\t\t<\/div>\n\t\t\t\t<div class=\"elementor-element elementor-element-9f3d27c elementor-widget elementor-widget-text-editor\" data-id=\"9f3d27c\" data-element_type=\"widget\" data-widget_type=\"text-editor.default\">\n\t\t\t\t<div class=\"elementor-widget-container\">\n\t\t\t\t\t\t\t\t\t<p>Confira a agenda de eventos organizados pelo Espa\u00e7o Merkaba!<\/p>\t\t\t\t\t\t\t\t<\/div>\n\t\t\t\t<\/div>\n\t\t\t\t\t<\/div>\n\t\t<\/div>\n\t\t\t\t\t<\/div>\n\t\t<\/section>\n\t\t\t\t<section class=\"elementor-section elementor-top-section elementor-element elementor-element-2cbfc88 elementor-section-boxed elementor-section-height-default elementor-section-height-default\" data-id=\"2cbfc88\" data-element_type=\"section\">\n\t\t\t\t\t\t<div class=\"elementor-container elementor-column-gap-wider\">\n\t\t\t\t\t<div class=\"elementor-column elementor-col-50 elementor-top-column elementor-element elementor-element-461e91b\" data-id=\"461e91b\" data-element_type=\"column\" data-settings=\"{&quot;background_background&quot;:&quot;classic&quot;}\">\n\t\t\t<div class=\"elementor-widget-wrap elementor-element-populated\">\n\t\t\t\t\t\t<div class=\"elementor-element elementor-element-4970bc4 elementor-widget elementor-widget-image\" data-id=\"4970bc4\" data-element_type=\"widget\" data-widget_type=\"image.default\">\n\t\t\t\t<div class=\"elementor-widget-container\">\n\t\t\t\t\t\t\t\t\t\t\t\t\t\t\t\t<a href=\"\/elementor-university\/only-dont-tell-me-youre-innocent\/\">\n\t\t\t\t\t\t\t<img fetchpriority=\"high\" decoding=\"async\" width=\"1024\" height=\"1024\" src=\"https:\/\/espacomerkaba.com.br\/site\/wp-content\/uploads\/2023\/06\/EVENTO-HECHALOT-1-nova-data-1024x1024.jpg\" class=\"attachment-large size-large wp-image-15135\" alt=\"\" srcset=\"https:\/\/espacomerkaba.com.br\/site\/wp-content\/uploads\/2023\/06\/EVENTO-HECHALOT-1-nova-data-1024x1024.jpg 1024w, https:\/\/espacomerkaba.com.br\/site\/wp-content\/uploads\/2023\/06\/EVENTO-HECHALOT-1-nova-data-300x300.jpg 300w, https:\/\/espacomerkaba.com.br\/site\/wp-content\/uploads\/2023\/06\/EVENTO-HECHALOT-1-nova-data-150x150.jpg 150w, https:\/\/espacomerkaba.com.br\/site\/wp-content\/uploads\/2023\/06\/EVENTO-HECHALOT-1-nova-data-768x768.jpg 768w, https:\/\/espacomerkaba.com.br\/site\/wp-content\/uploads\/2023\/06\/EVENTO-HECHALOT-1-nova-data-600x600.jpg 600w, https:\/\/espacomerkaba.com.br\/site\/wp-content\/uploads\/2023\/06\/EVENTO-HECHALOT-1-nova-data-100x100.jpg 100w, https:\/\/espacomerkaba.com.br\/site\/wp-content\/uploads\/2023\/06\/EVENTO-HECHALOT-1-nova-data-50x50.jpg 50w, https:\/\/espacomerkaba.com.br\/site\/wp-content\/uploads\/2023\/06\/EVENTO-HECHALOT-1-nova-data.jpg 1080w\" sizes=\"(max-width: 1024px) 100vw, 1024px\" \/>\t\t\t\t\t\t\t\t<\/a>\n\t\t\t\t\t\t\t\t\t\t\t\t\t\t\t<\/div>\n\t\t\t\t<\/div>\n\t\t\t\t\t<\/div>\n\t\t<\/div>\n\t\t\t\t<div class=\"elementor-column elementor-col-50 elementor-top-column elementor-element elementor-element-2a8ffb1\" data-id=\"2a8ffb1\" data-element_type=\"column\" data-settings=\"{&quot;background_background&quot;:&quot;classic&quot;}\">\n\t\t\t<div class=\"elementor-widget-wrap elementor-element-populated\">\n\t\t\t\t\t\t<div class=\"elementor-element elementor-element-09aa207 elementor-widget elementor-widget-text-editor\" data-id=\"09aa207\" data-element_type=\"widget\" data-widget_type=\"text-editor.default\">\n\t\t\t\t<div class=\"elementor-widget-container\">\n\t\t\t\t\t\t\t\t\t<p>Dias 05 e 06 de Agosto de 2023 &#8211; 100% Online<\/p>\t\t\t\t\t\t\t\t<\/div>\n\t\t\t\t<\/div>\n\t\t\t\t<div class=\"elementor-element elementor-element-c06d9b9 elementor-widget elementor-widget-heading\" data-id=\"c06d9b9\" data-element_type=\"widget\" data-widget_type=\"heading.default\">\n\t\t\t\t<div class=\"elementor-widget-container\">\n\t\t\t\t\t<h2 class=\"elementor-heading-title elementor-size-default\"><a href=\"\/elementor-university\/you-broke-my-heart-you-broke-my-heart\/\"><h2 class=\"elementor-heading-title elementor-size-default elementor-inline-editing pen\" data-elementor-setting-key=\"title\" data-pen-placeholder=\"Digite aqui...\" style=\"text-transform: none\">Literatura de Hechalot nas vis\u00f5es Judaica e Ocultista<\/h2><\/a><\/h2>\t\t\t\t<\/div>\n\t\t\t\t<\/div>\n\t\t\t\t<div class=\"elementor-element elementor-element-eb2aa2c elementor-widget__width-initial elementor-widget elementor-widget-text-editor\" data-id=\"eb2aa2c\" data-element_type=\"widget\" data-widget_type=\"text-editor.default\">\n\t\t\t\t<div class=\"elementor-widget-container\">\n\t\t\t\t\t\t\t\t\t<p>Um evento \u00fanico, que reunir\u00e1 dois grandes profissionais, que trar\u00e3o as an\u00e1lises dos textos fundamentais do Pensamento Cabal\u00edstico e do Misticismo do Mercav\u00e1.<\/p>\t\t\t\t\t\t\t\t<\/div>\n\t\t\t\t<\/div>\n\t\t\t\t<div class=\"elementor-element elementor-element-386060f elementor-widget elementor-widget-button\" data-id=\"386060f\" data-element_type=\"widget\" data-widget_type=\"button.default\">\n\t\t\t\t<div class=\"elementor-widget-container\">\n\t\t\t\t\t\t\t\t\t<div class=\"elementor-button-wrapper\">\n\t\t\t\t\t<a class=\"elementor-button elementor-button-link elementor-size-sm\" href=\"https:\/\/espacomerkaba.com.br\/site\/sp\/hechalot\/\">\n\t\t\t\t\t\t<span class=\"elementor-button-content-wrapper\">\n\t\t\t\t\t\t<span class=\"elementor-button-icon\">\n\t\t\t\t<i aria-hidden=\"true\" class=\"fas fa-arrow-right\"><\/i>\t\t\t<\/span>\n\t\t\t\t\t\t\t\t\t<span class=\"elementor-button-text\">Continue lendo<\/span>\n\t\t\t\t\t<\/span>\n\t\t\t\t\t<\/a>\n\t\t\t\t<\/div>\n\t\t\t\t\t\t\t\t<\/div>\n\t\t\t\t<\/div>\n\t\t\t\t\t<\/div>\n\t\t<\/div>\n\t\t\t\t\t<\/div>\n\t\t<\/section>\n\t\t\t\t<\/div>\n\t\t","protected":false},"excerpt":{"rendered":"<p>Eventos p\u00e1gina inicial &gt; eventos Eventos &#8211; O que vem por a\u00ed Confira a agenda de eventos organizados pelo Espa\u00e7o<\/p>\n","protected":false},"author":1,"featured_media":0,"parent":0,"menu_order":0,"comment_status":"closed","ping_status":"closed","template":"elementor_header_footer","meta":{"content-type":"","_tutorstarter_page_metadata":{"sidebar_select":"","footer_select":"","page_title_toggle":false,"header_toggle":false,"header_trans_toggle":true,"footer_toggle":false},"_joinchat":[],"footnotes":""},"class_list":["post-12878","page","type-page","status-publish","hentry"],"_links":{"self":[{"href":"https:\/\/espacomerkaba.com.br\/site\/wp-json\/wp\/v2\/pages\/12878","targetHints":{"allow":["GET"]}}],"collection":[{"href":"https:\/\/espacomerkaba.com.br\/site\/wp-json\/wp\/v2\/pages"}],"about":[{"href":"https:\/\/espacomerkaba.com.br\/site\/wp-json\/wp\/v2\/types\/page"}],"author":[{"embeddable":true,"href":"https:\/\/espacomerkaba.com.br\/site\/wp-json\/wp\/v2\/users\/1"}],"replies":[{"embeddable":true,"href":"https:\/\/espacomerkaba.com.br\/site\/wp-json\/wp\/v2\/comments?post=12878"}],"version-history":[{"count":31,"href":"https:\/\/espacomerkaba.com.br\/site\/wp-json\/wp\/v2\/pages\/12878\/revisions"}],"predecessor-version":[{"id":15138,"href":"https:\/\/espacomerkaba.com.br\/site\/wp-json\/wp\/v2\/pages\/12878\/revisions\/15138"}],"wp:attachment":[{"href":"https:\/\/espacomerkaba.com.br\/site\/wp-json\/wp\/v2\/media?parent=12878"}],"curies":[{"name":"wp","href":"https:\/\/api.w.org\/{rel}","templated":true}]}}