{"id":14705,"date":"2023-05-27T00:47:03","date_gmt":"2023-05-27T03:47:03","guid":{"rendered":"https:\/\/espacomerkaba.com.br\/site\/?post_type=product&#038;p=14705"},"modified":"2023-05-27T00:47:03","modified_gmt":"2023-05-27T03:47:03","slug":"desenvolvendo-a-autoconfianca-com-a-cabala","status":"publish","type":"product","link":"https:\/\/espacomerkaba.com.br\/site\/produto\/desenvolvendo-a-autoconfianca-com-a-cabala\/","title":{"rendered":"Desenvolvendo a Autoconfian\u00e7a com a Cabal\u00e1"},"content":{"rendered":"<p>A maioria de n\u00f3s possui autoconfian\u00e7a quando se trata do nosso trabalho e nossa \u00e1rea de conhecimento, mas \u00e9 comum que deixemos de cultivar um tipo de autoconfian\u00e7a mais ampla: aquela que nos serve em outras \u00e1reas da vida &#8211; e nos permite, por exemplo, falar com um estranho em uma festa, pedir algu\u00e9m em namoro, pedir ao vizinho de assento que baixe o volume da m\u00fasica, mudar o mundo.<\/p>\n<p>&nbsp;<\/p>\n<p>Este curso \u00e9 um guia para a autoconfian\u00e7a utilizando ensinamentos milenares e ancestrais da Cabal\u00e1 &#8211; ao entender energias como a Sefir\u00e1 de Tif\u00e9ret e sua rela\u00e7\u00e3o com o Sol, por exemplo, podemos aprender porque nos sentimos inseguros e como retificar isso para levar uma vida mais plena.<\/p>\n<p>&nbsp;<\/p>\n<p><strong><u>Temas abordados no Curso:<\/u><\/strong><\/p>\n<ul>\n<li>O que \u00e9 autoconfian\u00e7a?<\/li>\n<li>Como aplic\u00e1-la no dia a dia?<\/li>\n<li>Como atingi-la se eu perceber que n\u00e3o a tenho?<\/li>\n<li>Dicas pr\u00e1ticas para superar a s\u00edndrome do impostor, autossabotagem\u00a0e\u00a0muito\u00a0mais\u2026<\/li>\n<\/ul>\n<p>&nbsp;<\/p>\n<p>&nbsp;<\/p>\n<p><strong><u>O curso inclui:<\/u><\/strong><\/p>\n<p><strong>\u00a0<\/strong><\/p>\n<p>\u2705 Material Digital para Download<\/p>\n<p>\u2705 Acesso por pelo menos 12 meses \u00e0s grava\u00e7\u00f5es das aulas<\/p>\n<p>\u2705 Acesso ao grupo exclusivo de estudos com o professor Yair Alon<\/p>\n<p>\u2705 Certificado de Conclus\u00e3o ao final do curso<\/p>\n","protected":false},"excerpt":{"rendered":"<p>A maioria de n\u00f3s possui autoconfian\u00e7a quando se trata do nosso trabalho e nossa \u00e1rea de conhecimento, mas \u00e9 comum que deixemos de cultivar um tipo de autoconfian\u00e7a mais ampla: aquela que nos serve em outras \u00e1reas da vida &#8211; e nos permite, por exemplo, falar com um estranho em uma festa, pedir algu\u00e9m em namoro, pedir ao vizinho de assento que baixe o volume da m\u00fasica, mudar o mundo.<\/p>\n<p>&nbsp;<\/p>\n<p>Este curso \u00e9 um guia para a autoconfian\u00e7a utilizando ensinamentos milenares e ancestrais da Cabal\u00e1 &#8211; ao entender energias como a Sefir\u00e1 de Tif\u00e9ret e sua rela\u00e7\u00e3o com o Sol, por exemplo, podemos aprender porque nos sentimos inseguros e como retificar isso para levar uma vida mais plena.<\/p>\n<p>&nbsp;<\/p>\n<p><strong><u>Temas abordados no Curso:<\/u><\/strong><\/p>\n<ul>\n<li>O que \u00e9 autoconfian\u00e7a?<\/li>\n<li>Como aplic\u00e1-la no dia a dia?<\/li>\n<li>Como atingi-la se eu perceber que n\u00e3o a tenho?<\/li>\n<li>Dicas pr\u00e1ticas para superar a s\u00edndrome do impostor, autossabotagem\u00a0e\u00a0muito\u00a0mais\u2026<\/li>\n<\/ul>\n<p>&nbsp;<\/p>\n<p>&nbsp;<\/p>\n<p><strong><u>O curso inclui:<\/u><\/strong><\/p>\n<p><strong>\u00a0<\/strong><\/p>\n<p>\u2705 Material Digital para Download<\/p>\n<p>\u2705 Acesso por pelo menos 12 meses \u00e0s grava\u00e7\u00f5es das aulas<\/p>\n<p>\u2705 Acesso ao grupo exclusivo de estudos com o professor Yair Alon<\/p>\n<p>\u2705 Certificado de Conclus\u00e3o ao final do curso<\/p>\n","protected":false},"featured_media":14706,"comment_status":"closed","ping_status":"closed","template":"","meta":{"content-type":"","_joinchat":[]},"product_brand":[],"product_cat":[105,103],"product_tag":[],"class_list":{"0":"post-14705","1":"product","2":"type-product","3":"status-publish","4":"has-post-thumbnail","6":"product_cat-espiritualidade","7":"product_cat-cabala","9":"first","10":"instock","11":"virtual","12":"purchasable","13":"product-type-simple"},"_links":{"self":[{"href":"https:\/\/espacomerkaba.com.br\/site\/wp-json\/wp\/v2\/product\/14705","targetHints":{"allow":["GET"]}}],"collection":[{"href":"https:\/\/espacomerkaba.com.br\/site\/wp-json\/wp\/v2\/product"}],"about":[{"href":"https:\/\/espacomerkaba.com.br\/site\/wp-json\/wp\/v2\/types\/product"}],"replies":[{"embeddable":true,"href":"https:\/\/espacomerkaba.com.br\/site\/wp-json\/wp\/v2\/comments?post=14705"}],"version-history":[{"count":1,"href":"https:\/\/espacomerkaba.com.br\/site\/wp-json\/wp\/v2\/product\/14705\/revisions"}],"predecessor-version":[{"id":14707,"href":"https:\/\/espacomerkaba.com.br\/site\/wp-json\/wp\/v2\/product\/14705\/revisions\/14707"}],"wp:featuredmedia":[{"embeddable":true,"href":"https:\/\/espacomerkaba.com.br\/site\/wp-json\/wp\/v2\/media\/14706"}],"wp:attachment":[{"href":"https:\/\/espacomerkaba.com.br\/site\/wp-json\/wp\/v2\/media?parent=14705"}],"wp:term":[{"taxonomy":"product_brand","embeddable":true,"href":"https:\/\/espacomerkaba.com.br\/site\/wp-json\/wp\/v2\/product_brand?post=14705"},{"taxonomy":"product_cat","embeddable":true,"href":"https:\/\/espacomerkaba.com.br\/site\/wp-json\/wp\/v2\/product_cat?post=14705"},{"taxonomy":"product_tag","embeddable":true,"href":"https:\/\/espacomerkaba.com.br\/site\/wp-json\/wp\/v2\/product_tag?post=14705"}],"curies":[{"name":"wp","href":"https:\/\/api.w.org\/{rel}","templated":true}]}}

Desenvolvendo a Autoconfiança com a Cabalá

<p>A maioria de nós possui autoconfiança quando se trata do nosso trabalho e nossa área de conhecimento, mas é comum que deixemos de cultivar um tipo de autoconfiança mais ampla: aquela que nos serve em outras áreas da vida &#8211; e nos permite, por exemplo, falar com um estranho em uma festa, pedir alguém em namoro, pedir ao vizinho de assento que baixe o volume da música, mudar o mundo.</p>
<p>&nbsp;</p>
<p>Este curso é um guia para a autoconfiança utilizando ensinamentos milenares e ancestrais da Cabalá &#8211; ao entender energias como a Sefirá de Tiféret e sua relação com o Sol, por exemplo, podemos aprender porque nos sentimos inseguros e como retificar isso para levar uma vida mais plena.</p>
<p>&nbsp;</p>
<p><strong><u>Temas abordados no Curso:</u></strong></p>
<ul>
<li>O que é autoconfiança?</li>
<li>Como aplicá-la no dia a dia?</li>
<li>Como atingi-la se eu perceber que não a tenho?</li>
<li>Dicas práticas para superar a síndrome do impostor, autossabotagem e muito mais…</li>
</ul>
<p>&nbsp;</p>
<p>&nbsp;</p>
<p><strong><u>O curso inclui:</u></strong></p>
<p><strong> </strong></p>
<p>✅ Material Digital para Download</p>
<p>✅ Acesso por pelo menos 12 meses às gravações das aulas</p>
<p>✅ Acesso ao grupo exclusivo de estudos com o professor Yair Alon</p>
<p>✅ Certificado de Conclusão ao final do curso</p>
