{"id":14731,"date":"2023-05-27T01:25:28","date_gmt":"2023-05-27T04:25:28","guid":{"rendered":"https:\/\/espacomerkaba.com.br\/site\/?post_type=product&#038;p=14731"},"modified":"2023-05-27T01:25:28","modified_gmt":"2023-05-27T04:25:28","slug":"symbolon-o-baralho-das-memorias-da-alma-curso-completo","status":"publish","type":"product","link":"https:\/\/espacomerkaba.com.br\/site\/produto\/symbolon-o-baralho-das-memorias-da-alma-curso-completo\/","title":{"rendered":"Symbolon &#8211; O Baralho das Mem\u00f3rias da Alma &#8211; Curso Completo"},"content":{"rendered":"<p>O Symbolon \u00e9 um or\u00e1culo que possui uma estrutura diferente do usual. Suas l\u00e2minas apresentam imagens de mitos europeus e de s\u00edmbolos astrol\u00f3gicos.<\/p>\n<p>&nbsp;<\/p>\n<p>O incr\u00edvel baralho Symbolon re\u00fane uma rica combina\u00e7\u00e3o simb\u00f3lica entre 12 primeiras figuras arquet\u00edpicas (totalizando 78 imagens), compostas por planetas e signos astrol\u00f3gicos. \u00c9 um poderoso recurso para mapeamento da vida de nossa vida e compreens\u00e3o da natureza humana.<\/p>\n<p>&nbsp;<\/p>\n<p>Criado por Ingrid Zinnel, Peter Orbane e Thea Weller, publicado pela AGM M\u00fcller em 1993, o prop\u00f3sito do baralho Symbolon \u00e9 &#8220;recriar mem\u00f3rias de vidas passadas&#8221;.<\/p>\n<p>&nbsp;<\/p>\n<p>Este curso \u00e9 dividido em dois m\u00f3dulos e compreende teoria e pr\u00e1tica.<\/p>\n<p>&nbsp;<\/p>\n<p><strong><u>Temas abordados nos M\u00f3dulos:<\/u><\/strong><\/p>\n<p>&nbsp;<\/p>\n<ul>\n<li>M\u00f3dulo 1 \u2013 Simbologia das Cartas\n<ul>\n<li>Estrutura do baralho<\/li>\n<li>Dignidades planet\u00e1rias (Signos e Planetas)<\/li>\n<li>Imagens Arquet\u00edpicas<\/li>\n<li>Consciente e Inconsciente<\/li>\n<li>M\u00e9todo Tradicional Symbolon<\/li>\n<\/ul>\n<\/li>\n<li>M\u00f3dulo 2 \u2013 M\u00e9todos e Tiragens\n<ul>\n<li>Pr\u00e1ticas e Metodologias<\/li>\n<\/ul>\n<\/li>\n<\/ul>\n<p>&nbsp;<\/p>\n<p>&nbsp;<\/p>\n<p><strong><u>O curso inclui:<\/u><\/strong><\/p>\n<p><strong>\u00a0<\/strong><\/p>\n<p>\u2705 Material Digital para Download<\/p>\n<p>\u2705 Acesso por pelo menos 12 meses \u00e0s grava\u00e7\u00f5es das aulas<\/p>\n<p>\u2705 Acesso ao grupo exclusivo de estudos com o professor Giancarlo Kind Schmid<\/p>\n<p>\u2705 Certificado de Conclus\u00e3o ao final do curso<\/p>\n","protected":false},"excerpt":{"rendered":"<p>O Symbolon \u00e9 um or\u00e1culo que possui uma estrutura diferente do usual. Suas l\u00e2minas apresentam imagens de mitos europeus e de s\u00edmbolos astrol\u00f3gicos.<\/p>\n<p>&nbsp;<\/p>\n<p>O incr\u00edvel baralho Symbolon re\u00fane uma rica combina\u00e7\u00e3o simb\u00f3lica entre 12 primeiras figuras arquet\u00edpicas (totalizando 78 imagens), compostas por planetas e signos astrol\u00f3gicos. \u00c9 um poderoso recurso para mapeamento da vida de nossa vida e compreens\u00e3o da natureza humana.<\/p>\n<p>&nbsp;<\/p>\n<p>Criado por Ingrid Zinnel, Peter Orbane e Thea Weller, publicado pela AGM M\u00fcller em 1993, o prop\u00f3sito do baralho Symbolon \u00e9 &#8220;recriar mem\u00f3rias de vidas passadas&#8221;.<\/p>\n<p>&nbsp;<\/p>\n<p>Este curso \u00e9 dividido em dois m\u00f3dulos e compreende teoria e pr\u00e1tica.<\/p>\n<p>&nbsp;<\/p>\n<p><strong><u>Temas abordados nos M\u00f3dulos:<\/u><\/strong><\/p>\n<p>&nbsp;<\/p>\n<ul>\n<li>M\u00f3dulo 1 \u2013 Simbologia das Cartas\n<ul>\n<li>Estrutura do baralho<\/li>\n<li>Dignidades planet\u00e1rias (Signos e Planetas)<\/li>\n<li>Imagens Arquet\u00edpicas<\/li>\n<li>Consciente e Inconsciente<\/li>\n<li>M\u00e9todo Tradicional Symbolon<\/li>\n<\/ul>\n<\/li>\n<li>M\u00f3dulo 2 \u2013 M\u00e9todos e Tiragens\n<ul>\n<li>Pr\u00e1ticas e Metodologias<\/li>\n<\/ul>\n<\/li>\n<\/ul>\n<p>&nbsp;<\/p>\n<p>&nbsp;<\/p>\n<p><strong><u>O curso inclui:<\/u><\/strong><\/p>\n<p><strong>\u00a0<\/strong><\/p>\n<p>\u2705 Material Digital para Download<\/p>\n<p>\u2705 Acesso por pelo menos 12 meses \u00e0s grava\u00e7\u00f5es das aulas<\/p>\n<p>\u2705 Acesso ao grupo exclusivo de estudos com o professor Giancarlo Kind Schmid<\/p>\n<p>\u2705 Certificado de Conclus\u00e3o ao final do curso<\/p>\n","protected":false},"featured_media":14732,"comment_status":"closed","ping_status":"closed","template":"","meta":{"content-type":"","_joinchat":[]},"product_brand":[],"product_cat":[101],"product_tag":[],"class_list":{"0":"post-14731","1":"product","2":"type-product","3":"status-publish","4":"has-post-thumbnail","6":"product_cat-oraculos","8":"first","9":"instock","10":"virtual","11":"purchasable","12":"product-type-simple"},"_links":{"self":[{"href":"https:\/\/espacomerkaba.com.br\/site\/wp-json\/wp\/v2\/product\/14731","targetHints":{"allow":["GET"]}}],"collection":[{"href":"https:\/\/espacomerkaba.com.br\/site\/wp-json\/wp\/v2\/product"}],"about":[{"href":"https:\/\/espacomerkaba.com.br\/site\/wp-json\/wp\/v2\/types\/product"}],"replies":[{"embeddable":true,"href":"https:\/\/espacomerkaba.com.br\/site\/wp-json\/wp\/v2\/comments?post=14731"}],"version-history":[{"count":1,"href":"https:\/\/espacomerkaba.com.br\/site\/wp-json\/wp\/v2\/product\/14731\/revisions"}],"predecessor-version":[{"id":14733,"href":"https:\/\/espacomerkaba.com.br\/site\/wp-json\/wp\/v2\/product\/14731\/revisions\/14733"}],"wp:featuredmedia":[{"embeddable":true,"href":"https:\/\/espacomerkaba.com.br\/site\/wp-json\/wp\/v2\/media\/14732"}],"wp:attachment":[{"href":"https:\/\/espacomerkaba.com.br\/site\/wp-json\/wp\/v2\/media?parent=14731"}],"wp:term":[{"taxonomy":"product_brand","embeddable":true,"href":"https:\/\/espacomerkaba.com.br\/site\/wp-json\/wp\/v2\/product_brand?post=14731"},{"taxonomy":"product_cat","embeddable":true,"href":"https:\/\/espacomerkaba.com.br\/site\/wp-json\/wp\/v2\/product_cat?post=14731"},{"taxonomy":"product_tag","embeddable":true,"href":"https:\/\/espacomerkaba.com.br\/site\/wp-json\/wp\/v2\/product_tag?post=14731"}],"curies":[{"name":"wp","href":"https:\/\/api.w.org\/{rel}","templated":true}]}}