{"id":15260,"date":"2023-09-19T16:53:56","date_gmt":"2023-09-19T19:53:56","guid":{"rendered":"https:\/\/espacomerkaba.com.br\/site\/?post_type=product&#038;p=15260"},"modified":"2023-09-19T16:55:57","modified_gmt":"2023-09-19T19:55:57","slug":"pentagrama-divino","status":"publish","type":"product","link":"https:\/\/espacomerkaba.com.br\/site\/produto\/pentagrama-divino\/","title":{"rendered":"M\u00e9todo Pentagrama Divino com o Tarot"},"content":{"rendered":"<p>O Pentagrama Divino \u00e9 um m\u00e9todo de tiragem desenvolvido por Giancarlo Kind Schmid e tem como objetivo realizar o mapeamento espiritual e energ\u00e9tico de pessoas, locais, objetos, entre outros.<\/p>\n<p>Neste curso a proposta \u00e9 ensinar um m\u00e9todo capaz de realizar a identifica\u00e7\u00e3o da energia de obsessores, vampiros energ\u00e9ticos, energias tel\u00faricas, formas pensamento, entre outros, n\u00e3o s\u00f3 observando o aspectos externos, mas tamb\u00e9m internos, uma vez que n\u00f3s muitas vezes criamos as condi\u00e7\u00f5es para que estas energias influenciem em nossas vidas, com o aux\u00edlio do tarot.<\/p>\n<p><strong><u>O curso inclui:<\/u><\/strong><\/p>\n<p>\u2705 Material Digital para Download<\/p>\n<p>\u2705 Acesso por pelo menos 12 meses \u00e0s grava\u00e7\u00f5es das aulas<\/p>\n<p>\u2705 Acesso ao grupo exclusivo de estudos com o professor Giancarlo Kind Schmid<\/p>\n<p>\u2705 Certificado de Conclus\u00e3o ao final do curso<\/p>\n","protected":false},"excerpt":{"rendered":"<p>O Pentagrama Divino \u00e9 um m\u00e9todo de tiragem desenvolvido por Giancarlo Kind Schmid e tem como objetivo realizar o mapeamento espiritual e energ\u00e9tico de pessoas, locais, objetos, entre outros.<\/p>\n<p>Neste curso a proposta \u00e9 ensinar um m\u00e9todo capaz de realizar a identifica\u00e7\u00e3o da energia de obsessores, vampiros energ\u00e9ticos, energias tel\u00faricas, formas pensamento, entre outros, n\u00e3o s\u00f3 observando o aspectos externos, mas tamb\u00e9m internos, uma vez que n\u00f3s muitas vezes criamos as condi\u00e7\u00f5es para que estas energias influenciem em nossas vidas, com o aux\u00edlio do tarot.<\/p>\n<p><strong><u>O curso inclui:<\/u><\/strong><\/p>\n<p>\u2705 Material Digital para Download<\/p>\n<p>\u2705 Acesso por pelo menos 12 meses \u00e0s grava\u00e7\u00f5es das aulas<\/p>\n<p>\u2705 Acesso ao grupo exclusivo de estudos com o professor Giancarlo Kind Schmid<\/p>\n<p>\u2705 Certificado de Conclus\u00e3o ao final do curso<\/p>\n","protected":false},"featured_media":15261,"comment_status":"closed","ping_status":"closed","template":"","meta":{"content-type":"","_joinchat":[]},"product_brand":[],"product_cat":[101,100],"product_tag":[],"class_list":{"0":"post-15260","1":"product","2":"type-product","3":"status-publish","4":"has-post-thumbnail","6":"product_cat-oraculos","7":"product_cat-tarot","9":"first","10":"instock","11":"virtual","12":"purchasable","13":"product-type-simple"},"_links":{"self":[{"href":"https:\/\/espacomerkaba.com.br\/site\/wp-json\/wp\/v2\/product\/15260","targetHints":{"allow":["GET"]}}],"collection":[{"href":"https:\/\/espacomerkaba.com.br\/site\/wp-json\/wp\/v2\/product"}],"about":[{"href":"https:\/\/espacomerkaba.com.br\/site\/wp-json\/wp\/v2\/types\/product"}],"replies":[{"embeddable":true,"href":"https:\/\/espacomerkaba.com.br\/site\/wp-json\/wp\/v2\/comments?post=15260"}],"version-history":[{"count":1,"href":"https:\/\/espacomerkaba.com.br\/site\/wp-json\/wp\/v2\/product\/15260\/revisions"}],"predecessor-version":[{"id":15262,"href":"https:\/\/espacomerkaba.com.br\/site\/wp-json\/wp\/v2\/product\/15260\/revisions\/15262"}],"wp:featuredmedia":[{"embeddable":true,"href":"https:\/\/espacomerkaba.com.br\/site\/wp-json\/wp\/v2\/media\/15261"}],"wp:attachment":[{"href":"https:\/\/espacomerkaba.com.br\/site\/wp-json\/wp\/v2\/media?parent=15260"}],"wp:term":[{"taxonomy":"product_brand","embeddable":true,"href":"https:\/\/espacomerkaba.com.br\/site\/wp-json\/wp\/v2\/product_brand?post=15260"},{"taxonomy":"product_cat","embeddable":true,"href":"https:\/\/espacomerkaba.com.br\/site\/wp-json\/wp\/v2\/product_cat?post=15260"},{"taxonomy":"product_tag","embeddable":true,"href":"https:\/\/espacomerkaba.com.br\/site\/wp-json\/wp\/v2\/product_tag?post=15260"}],"curies":[{"name":"wp","href":"https:\/\/api.w.org\/{rel}","templated":true}]}}