{"id":15268,"date":"2023-09-19T17:02:57","date_gmt":"2023-09-19T20:02:57","guid":{"rendered":"https:\/\/espacomerkaba.com.br\/site\/?post_type=product&#038;p=15268"},"modified":"2023-09-19T17:05:25","modified_gmt":"2023-09-19T20:05:25","slug":"guematria","status":"publish","type":"product","link":"https:\/\/espacomerkaba.com.br\/site\/produto\/guematria\/","title":{"rendered":"Guem\u00e1tria &#8211; Numerologia Cabal\u00edstica"},"content":{"rendered":"<p>Na vis\u00e3o de mundo da Cabal\u00e1, o Universo foi criado com a palavra divina que, obviamente, pode ser representada por letras. No entanto, cada letra hebraica possui um valor num\u00e9rico e, assim, os cabalistas afirmam que o pano de fundo da cria\u00e7\u00e3o s\u00e3o os n\u00fameros e que, portanto, D&#8217;us pode ser entendido como um verdadeiro ge\u00f4metra.<\/p>\n<p>Assim, estudando os n\u00fameros \u00e9 poss\u00edvel conhecer as caracter\u00edsticas de um indiv\u00edduo (guem\u00e1tria aplicada ao auto-conhecimento) ou us\u00e1-los para saber das tend\u00eancias futuras da vida (guem\u00e1tria aplicada a padr\u00f5es recorrentes).<\/p>\n<p>Neste curso aprenderemos os segredos da numerologia judaica (guem\u00e1tria) passando por temas como o significado dos nomes e seus valores num\u00e9ricos, sua rela\u00e7\u00e3o com a astrologia (signos e planetas) e a Cabal\u00e1, fundamentando-se sempre em textos milenares da tradi\u00e7\u00e3o hebraica.<\/p>\n<p>O que voc\u00ea vai aprender:<\/p>\n<p>&#8211; as diferen\u00e7as da numerologia pitag\u00f3rica e a guem\u00e1tria (numerologia cabal\u00edstica)<br \/>\n&#8211; rela\u00e7\u00e3o entre guem\u00e1tria e astrologia<br \/>\n&#8211; a predomin\u00e2ncia da data de nascimento sobre o nome<br \/>\n&#8211; a influ\u00eancia dos n\u00fameros em nossa vida e como os n\u00fameros podem ser usados para criar ou manifestar o que queremos (guem\u00e1tria m\u00e1gica)<br \/>\n&#8211; ciclos de vida e an\u00e1lise de tend\u00eancias\u00a0futuras<\/p>\n<p><strong><u><br \/>\nO curso online inclui:<\/u><\/strong><\/p>\n<p>\u2705 Oportunidade \u00fanica de assistir a uma aula com o Rabino Yair Alon de qualquer lugar do Mundo!<br \/>\n\u2705 Acesso por pelo menos 12 meses \u00e0s grava\u00e7\u00f5es das aulas<br \/>\n\u2705 Acesso ao grupo exclusivo de estudos com o Rabino Yair Alon<br \/>\n\u2705 Certificado Digital de Conclus\u00e3o ao final do curso<\/p>\n","protected":false},"excerpt":{"rendered":"<p>Na vis\u00e3o de mundo da Cabal\u00e1, o Universo foi criado com a palavra divina que, obviamente, pode ser representada por letras. No entanto, cada letra hebraica possui um valor num\u00e9rico e, assim, os cabalistas afirmam que o pano de fundo da cria\u00e7\u00e3o s\u00e3o os n\u00fameros e que, portanto, D&#8217;us pode ser entendido como um verdadeiro ge\u00f4metra.<\/p>\n<p>Assim, estudando os n\u00fameros \u00e9 poss\u00edvel conhecer as caracter\u00edsticas de um indiv\u00edduo (guem\u00e1tria aplicada ao auto-conhecimento) ou us\u00e1-los para saber das tend\u00eancias futuras da vida (guem\u00e1tria aplicada a padr\u00f5es recorrentes).<\/p>\n<p>Neste curso aprenderemos os segredos da numerologia judaica (guem\u00e1tria) passando por temas como o significado dos nomes e seus valores num\u00e9ricos, sua rela\u00e7\u00e3o com a astrologia (signos e planetas) e a Cabal\u00e1, fundamentando-se sempre em textos milenares da tradi\u00e7\u00e3o hebraica.<\/p>\n<p>O que voc\u00ea vai aprender:<\/p>\n<p>&#8211; as diferen\u00e7as da numerologia pitag\u00f3rica e a guem\u00e1tria (numerologia cabal\u00edstica)<br \/>\n&#8211; rela\u00e7\u00e3o entre guem\u00e1tria e astrologia<br \/>\n&#8211; a predomin\u00e2ncia da data de nascimento sobre o nome<br \/>\n&#8211; a influ\u00eancia dos n\u00fameros em nossa vida e como os n\u00fameros podem ser usados para criar ou manifestar o que queremos (guem\u00e1tria m\u00e1gica)<br \/>\n&#8211; ciclos de vida e an\u00e1lise de tend\u00eancias\u00a0futuras<\/p>\n<p><strong><u><br \/>\nO curso online inclui:<\/u><\/strong><\/p>\n<p>\u2705 Oportunidade \u00fanica de assistir a uma aula com o Rabino Yair Alon de qualquer lugar do Mundo!<br \/>\n\u2705 Acesso por pelo menos 12 meses \u00e0s grava\u00e7\u00f5es das aulas<br \/>\n\u2705 Acesso ao grupo exclusivo de estudos com o Rabino Yair Alon<br \/>\n\u2705 Certificado Digital de Conclus\u00e3o ao final do curso<\/p>\n","protected":false},"featured_media":15269,"comment_status":"closed","ping_status":"closed","template":"","meta":{"content-type":"","_joinchat":[]},"product_brand":[],"product_cat":[105,103],"product_tag":[],"class_list":{"0":"post-15268","1":"product","2":"type-product","3":"status-publish","4":"has-post-thumbnail","6":"product_cat-espiritualidade","7":"product_cat-cabala","9":"first","10":"instock","11":"virtual","12":"purchasable","13":"product-type-simple"},"_links":{"self":[{"href":"https:\/\/espacomerkaba.com.br\/site\/wp-json\/wp\/v2\/product\/15268","targetHints":{"allow":["GET"]}}],"collection":[{"href":"https:\/\/espacomerkaba.com.br\/site\/wp-json\/wp\/v2\/product"}],"about":[{"href":"https:\/\/espacomerkaba.com.br\/site\/wp-json\/wp\/v2\/types\/product"}],"replies":[{"embeddable":true,"href":"https:\/\/espacomerkaba.com.br\/site\/wp-json\/wp\/v2\/comments?post=15268"}],"version-history":[{"count":1,"href":"https:\/\/espacomerkaba.com.br\/site\/wp-json\/wp\/v2\/product\/15268\/revisions"}],"predecessor-version":[{"id":15270,"href":"https:\/\/espacomerkaba.com.br\/site\/wp-json\/wp\/v2\/product\/15268\/revisions\/15270"}],"wp:featuredmedia":[{"embeddable":true,"href":"https:\/\/espacomerkaba.com.br\/site\/wp-json\/wp\/v2\/media\/15269"}],"wp:attachment":[{"href":"https:\/\/espacomerkaba.com.br\/site\/wp-json\/wp\/v2\/media?parent=15268"}],"wp:term":[{"taxonomy":"product_brand","embeddable":true,"href":"https:\/\/espacomerkaba.com.br\/site\/wp-json\/wp\/v2\/product_brand?post=15268"},{"taxonomy":"product_cat","embeddable":true,"href":"https:\/\/espacomerkaba.com.br\/site\/wp-json\/wp\/v2\/product_cat?post=15268"},{"taxonomy":"product_tag","embeddable":true,"href":"https:\/\/espacomerkaba.com.br\/site\/wp-json\/wp\/v2\/product_tag?post=15268"}],"curies":[{"name":"wp","href":"https:\/\/api.w.org\/{rel}","templated":true}]}}