{"id":15499,"date":"2024-08-22T15:30:23","date_gmt":"2024-08-22T18:30:23","guid":{"rendered":"https:\/\/espacomerkaba.com.br\/site\/?post_type=product&#038;p=15499"},"modified":"2024-08-22T15:30:23","modified_gmt":"2024-08-22T18:30:23","slug":"astropsicologia-curso-completo-2024","status":"publish","type":"product","link":"https:\/\/espacomerkaba.com.br\/site\/produto\/astropsicologia-curso-completo-2024\/","title":{"rendered":"Astropsicologia &#8211; Curso Completo (2024)"},"content":{"rendered":"<p>A astropsicologia \u00e9 uma das dezenas de abordagens dentro da astrologia com o objetivo de mapear e compreender a natureza humana em todos seus matizes: temperamento, car\u00e1ter, personalidade, comportamentos, express\u00e3o, consciente e inconsciente, etc., a partir da \u00f3tica junguiana (Carl Gustav Jung), um dos mais conceituados psicoanalistas, utilizando elementos dos mapas (os 04 elementos, modos, signos, planetas, casas, aspectos, ascendente, etc.) como refer\u00eancias e pontos de partida.<\/p>\n<p>O curso \u00e9 dividido em 12 m\u00f3dulos, com aulas mensais, com indica\u00e7\u00e3o\/sugest\u00e3o bibliogr\u00e1fica, apostila e slides ilustrativos.<\/p>\n","protected":false},"excerpt":{"rendered":"<p>A astropsicologia \u00e9 uma das dezenas de abordagens dentro da astrologia com o objetivo de mapear e compreender a natureza humana em todos seus matizes: temperamento, car\u00e1ter, personalidade, comportamentos, express\u00e3o, consciente e inconsciente, etc., a partir da \u00f3tica junguiana (Carl Gustav Jung), um dos mais conceituados psicoanalistas, utilizando elementos dos mapas (os 04 elementos, modos, signos, planetas, casas, aspectos, ascendente, etc.) como refer\u00eancias e pontos de partida.<\/p>\n<p>O curso \u00e9 dividido em 12 m\u00f3dulos, com aulas mensais, com indica\u00e7\u00e3o\/sugest\u00e3o bibliogr\u00e1fica, apostila e slides ilustrativos.<\/p>\n","protected":false},"featured_media":15500,"comment_status":"closed","ping_status":"closed","template":"","meta":{"content-type":"","_joinchat":[]},"product_brand":[],"product_cat":[104,105],"product_tag":[],"class_list":{"0":"post-15499","1":"product","2":"type-product","3":"status-publish","4":"has-post-thumbnail","6":"product_cat-astrologia","7":"product_cat-espiritualidade","9":"first","10":"instock","11":"virtual","12":"purchasable","13":"product-type-simple"},"_links":{"self":[{"href":"https:\/\/espacomerkaba.com.br\/site\/wp-json\/wp\/v2\/product\/15499","targetHints":{"allow":["GET"]}}],"collection":[{"href":"https:\/\/espacomerkaba.com.br\/site\/wp-json\/wp\/v2\/product"}],"about":[{"href":"https:\/\/espacomerkaba.com.br\/site\/wp-json\/wp\/v2\/types\/product"}],"replies":[{"embeddable":true,"href":"https:\/\/espacomerkaba.com.br\/site\/wp-json\/wp\/v2\/comments?post=15499"}],"version-history":[{"count":1,"href":"https:\/\/espacomerkaba.com.br\/site\/wp-json\/wp\/v2\/product\/15499\/revisions"}],"predecessor-version":[{"id":15501,"href":"https:\/\/espacomerkaba.com.br\/site\/wp-json\/wp\/v2\/product\/15499\/revisions\/15501"}],"wp:featuredmedia":[{"embeddable":true,"href":"https:\/\/espacomerkaba.com.br\/site\/wp-json\/wp\/v2\/media\/15500"}],"wp:attachment":[{"href":"https:\/\/espacomerkaba.com.br\/site\/wp-json\/wp\/v2\/media?parent=15499"}],"wp:term":[{"taxonomy":"product_brand","embeddable":true,"href":"https:\/\/espacomerkaba.com.br\/site\/wp-json\/wp\/v2\/product_brand?post=15499"},{"taxonomy":"product_cat","embeddable":true,"href":"https:\/\/espacomerkaba.com.br\/site\/wp-json\/wp\/v2\/product_cat?post=15499"},{"taxonomy":"product_tag","embeddable":true,"href":"https:\/\/espacomerkaba.com.br\/site\/wp-json\/wp\/v2\/product_tag?post=15499"}],"curies":[{"name":"wp","href":"https:\/\/api.w.org\/{rel}","templated":true}]}}