{"id":15867,"date":"2025-03-31T13:41:29","date_gmt":"2025-03-31T16:41:29","guid":{"rendered":"https:\/\/espacomerkaba.com.br\/site\/?post_type=product&#038;p=15867"},"modified":"2026-01-21T15:24:16","modified_gmt":"2026-01-21T18:24:16","slug":"curso-arcanos-maiores-do-tarot","status":"publish","type":"product","link":"https:\/\/espacomerkaba.com.br\/site\/produto\/curso-arcanos-maiores-do-tarot\/","title":{"rendered":"Curso Arcanos Maiores do Tarot"},"content":{"rendered":"<p>O estudo do tarot abrange bem mais que o estudo e a decoreba das palavras chaves de cada arcano. Sendo assim, por meio deste curso, propomos um passeio pela hist\u00f3ria do tarot do s\u00e9culo XV ao s\u00e9culo XXI, conhecendo os tipos de baralho e suas classifica\u00e7\u00f5es, bem como as escolas e associa\u00e7\u00f5es com as v\u00e1rias correntes esot\u00e9ricas.<\/p>\n<p>Realizaremos um estudo simb\u00f3lico dos Arcanos Maiores baseado na iconografia do franc\u00eas \u201cMarseille\u201d (tamb\u00e9m aplic\u00e1vel ao Tarot Rider Smith Waite), com an\u00e1lise das l\u00e2minas nos 04 planos (material, afetivo, mental e espiritual), nos levando \u00e0 compreens\u00e3o da natureza das l\u00e2minas (cartas) e suas interpreta\u00e7\u00f5es. Faremos pr\u00e1ticas com m\u00e9todos acess\u00edveis para quest\u00f5es objetivas.<\/p>\n<p>Temas abordados no Curso:<\/p>\n<p>\u2022 Hist\u00f3ria do tarot<br \/>\n\u2022 Classifica\u00e7\u00e3o dos baralhos<br \/>\n\u2022 Estudo dos arcanos maiores em cada plano<br \/>\n\u2022 Apresenta\u00e7\u00e3o de 2 m\u00e9todos objetivos de leituras: &#8220;Passado, Presente e Futuro&#8221; e &#8220;M\u00e9todo das Chances&#8221;, com exerc\u00edcios pr\u00e1ticos para aprofundamento e compreens\u00e3o dos arcanos<\/p>\n<p>O curso inclui:<\/p>\n<p>\u2705 Material Digital para Download<br \/>\n\u2705 Acesso por pelo menos 12 meses \u00e0s grava\u00e7\u00f5es das aulas<br \/>\n\u2705 Acesso ao grupo exclusivo de estudos com o professor Giancarlo Kind Schmid<br \/>\n\u2705 Certificado de Conclus\u00e3o ao final do curso<\/p>\n<p>&nbsp;<\/p>\n<p>Informa\u00e7\u00f5es importantes:<\/p>\n<p>\u2022 A aula \u00e9 composta por uma grava\u00e7\u00e3o.<br \/>\n\u2022 Ap\u00f3s a transmiss\u00e3o, a grava\u00e7\u00e3o da aula ser\u00e1 disponibilizada para os alunos por um per\u00edodo m\u00ednimo de 12 meses.<br \/>\n\u2022 O material do curso ser\u00e1 disponibilizado para download ao aluno. O mesmo se compromete a n\u00e3o compartilhar v\u00eddeos, textos, imagens ou qualquer outro material referente ao curso adquirido (sess\u00e3o de uso) com terceiros, sob pena do artigo 184 do C\u00f3digo Penal.<br \/>\n\u2022 Todos os alunos em curso ter\u00e3o acesso ao grupo de estudos via WhatsApp com o professor, para o esclarecimento de d\u00favidas, pr\u00e1ticas e trocas.<br \/>\n\u2022 O Certificado de Conclus\u00e3o ser\u00e1 emitido ap\u00f3s o curso e enviado aos alunos que realizarem todas as aulas e forem apontados como aptos \/ aprovados pelo professor.<\/p>\n<p>&nbsp;<\/p>\n<p>Ao realizar sua inscri\u00e7\u00e3o e matr\u00edcula no curso, o aluno concorda com todos os termos citados neste documento.<\/p>\n","protected":false},"excerpt":{"rendered":"<p>O estudo do tarot abrange bem mais que o estudo e a decoreba das palavras chaves de cada arcano. Sendo assim, por meio deste curso, propomos um passeio pela hist\u00f3ria do tarot do s\u00e9culo XV ao s\u00e9culo XXI, conhecendo os tipos de baralho e suas classifica\u00e7\u00f5es, bem como as escolas e associa\u00e7\u00f5es com as v\u00e1rias correntes esot\u00e9ricas.<\/p>\n<p>Realizaremos um estudo simb\u00f3lico dos Arcanos Maiores baseado na iconografia do franc\u00eas \u201cMarseille\u201d (tamb\u00e9m aplic\u00e1vel ao Tarot Rider Smith Waite), com an\u00e1lise das l\u00e2minas nos 04 planos (material, afetivo, mental e espiritual), nos levando \u00e0 compreens\u00e3o da natureza das l\u00e2minas (cartas) e suas interpreta\u00e7\u00f5es. Faremos pr\u00e1ticas com m\u00e9todos acess\u00edveis para quest\u00f5es objetivas.<\/p>\n<p>Temas abordados no Curso:<\/p>\n<p>\u2022 Hist\u00f3ria do tarot<br \/>\n\u2022 Classifica\u00e7\u00e3o dos baralhos<br \/>\n\u2022 Estudo dos arcanos maiores em cada plano<br \/>\n\u2022 Apresenta\u00e7\u00e3o de 2 m\u00e9todos objetivos de leituras: &#8220;Passado, Presente e Futuro&#8221; e &#8220;M\u00e9todo das Chances&#8221;, com exerc\u00edcios pr\u00e1ticos para aprofundamento e compreens\u00e3o dos arcanos<\/p>\n<p>O curso inclui:<\/p>\n<p>\u2705 Material Digital para Download<br \/>\n\u2705 Acesso por pelo menos 12 meses \u00e0s grava\u00e7\u00f5es das aulas<br \/>\n\u2705 Acesso ao grupo exclusivo de estudos com o professor Giancarlo Kind Schmid<br \/>\n\u2705 Certificado de Conclus\u00e3o ao final do curso<\/p>\n<p>&nbsp;<\/p>\n<p>Informa\u00e7\u00f5es importantes:<\/p>\n<p>\u2022 A aula \u00e9 composta por uma grava\u00e7\u00e3o.<br \/>\n\u2022 Ap\u00f3s a transmiss\u00e3o, a grava\u00e7\u00e3o da aula ser\u00e1 disponibilizada para os alunos por um per\u00edodo m\u00ednimo de 12 meses.<br \/>\n\u2022 O material do curso ser\u00e1 disponibilizado para download ao aluno. O mesmo se compromete a n\u00e3o compartilhar v\u00eddeos, textos, imagens ou qualquer outro material referente ao curso adquirido (sess\u00e3o de uso) com terceiros, sob pena do artigo 184 do C\u00f3digo Penal.<br \/>\n\u2022 Todos os alunos em curso ter\u00e3o acesso ao grupo de estudos via WhatsApp com o professor, para o esclarecimento de d\u00favidas, pr\u00e1ticas e trocas.<br \/>\n\u2022 O Certificado de Conclus\u00e3o ser\u00e1 emitido ap\u00f3s o curso e enviado aos alunos que realizarem todas as aulas e forem apontados como aptos \/ aprovados pelo professor.<\/p>\n<p>&nbsp;<\/p>\n<p>Ao realizar sua inscri\u00e7\u00e3o e matr\u00edcula no curso, o aluno concorda com todos os termos citados neste documento.<\/p>\n","protected":false},"featured_media":15898,"comment_status":"closed","ping_status":"closed","template":"","meta":{"content-type":"","_joinchat":[]},"product_brand":[],"product_cat":[101,100],"product_tag":[],"class_list":{"0":"post-15867","1":"product","2":"type-product","3":"status-publish","4":"has-post-thumbnail","6":"product_cat-oraculos","7":"product_cat-tarot","9":"first","10":"instock","11":"sale","12":"virtual","13":"purchasable","14":"product-type-simple"},"_links":{"self":[{"href":"https:\/\/espacomerkaba.com.br\/site\/wp-json\/wp\/v2\/product\/15867","targetHints":{"allow":["GET"]}}],"collection":[{"href":"https:\/\/espacomerkaba.com.br\/site\/wp-json\/wp\/v2\/product"}],"about":[{"href":"https:\/\/espacomerkaba.com.br\/site\/wp-json\/wp\/v2\/types\/product"}],"replies":[{"embeddable":true,"href":"https:\/\/espacomerkaba.com.br\/site\/wp-json\/wp\/v2\/comments?post=15867"}],"version-history":[{"count":3,"href":"https:\/\/espacomerkaba.com.br\/site\/wp-json\/wp\/v2\/product\/15867\/revisions"}],"predecessor-version":[{"id":16749,"href":"https:\/\/espacomerkaba.com.br\/site\/wp-json\/wp\/v2\/product\/15867\/revisions\/16749"}],"wp:featuredmedia":[{"embeddable":true,"href":"https:\/\/espacomerkaba.com.br\/site\/wp-json\/wp\/v2\/media\/15898"}],"wp:attachment":[{"href":"https:\/\/espacomerkaba.com.br\/site\/wp-json\/wp\/v2\/media?parent=15867"}],"wp:term":[{"taxonomy":"product_brand","embeddable":true,"href":"https:\/\/espacomerkaba.com.br\/site\/wp-json\/wp\/v2\/product_brand?post=15867"},{"taxonomy":"product_cat","embeddable":true,"href":"https:\/\/espacomerkaba.com.br\/site\/wp-json\/wp\/v2\/product_cat?post=15867"},{"taxonomy":"product_tag","embeddable":true,"href":"https:\/\/espacomerkaba.com.br\/site\/wp-json\/wp\/v2\/product_tag?post=15867"}],"curies":[{"name":"wp","href":"https:\/\/api.w.org\/{rel}","templated":true}]}}