{"id":16535,"date":"2025-10-03T18:16:31","date_gmt":"2025-10-03T21:16:31","guid":{"rendered":"https:\/\/espacomerkaba.com.br\/site\/?post_type=product&#038;p=16535"},"modified":"2026-01-21T15:18:22","modified_gmt":"2026-01-21T18:18:22","slug":"curso-tarot-e-personalidades","status":"publish","type":"product","link":"https:\/\/espacomerkaba.com.br\/site\/produto\/curso-tarot-e-personalidades\/","title":{"rendered":"Curso Tarot e Personalidades"},"content":{"rendered":"<p>Entender as 22 personalidades existentes nos arcanos maiores e o conceito de persona e sombra se torna relevante para os estudiosos de tarot e, principalmente, para tar\u00f3logos que desejam agregar mais conhecimento em suas leituras.<\/p>\n<p>A partir de uma abordagem junguiana, ser\u00e3o ensinados m\u00e9todos voltados para an\u00e1lise do comportamento humano, o famoso m\u00e9todo do car\u00e1ter (desenvolvido pelo professor), que se prop\u00f5e identificar as inten\u00e7\u00f5es de uma pessoa e o espelho de Merlin, m\u00e9todo profundo para autorreflex\u00e3o e autoan\u00e1lise.<\/p>\n<p>Al\u00e9m disso, os estudos de persona e sombra, nos far\u00e3o chegar a uma compreens\u00e3o profunda de n\u00f3s mesmos e de todos que nos cercam.<\/p>\n<p>Voc\u00ea vai aprender a:<br \/>\n\u2022 Entender as 22 personalidades existentes nos arcanos maiores<br \/>\n\u2022 Luz e Sombra dos arcanos maiores<br \/>\n\u2022 Arcanos introvertidos e extrovertidos<br \/>\n\u2022 Imagem arquet\u00edpica dos arcanos<br \/>\n\u2022 M\u00e9todo Car\u00e1ter (apresenta\u00e7\u00e3o e pr\u00e1tica)<br \/>\n\u2022 M\u00e9todo do Eu (apresenta\u00e7\u00e3o e pr\u00e1tica)<br \/>\n\u2022 M\u00e9todo Espelho de Merlin (apresenta\u00e7\u00e3o)<\/p>\n<p>Ganhe acesso a t\u00e9cnicas pr\u00e1ticas e avan\u00e7adas que v\u00e3o transformar seu Tarot:<br \/>\n\u2022 M\u00e9todos testados e sistematizados em anos de estudo<br \/>\n\u2022 T\u00e9cnicas exclusivas que voc\u00ea n\u00e3o encontra em qualquer lugar<br \/>\n\u2022 Leitura mais din\u00e2mica, profunda e assertiva<\/p>\n<p>Torne-se um tar\u00f3logo mais confiante, intuitivo e completo.<\/p>\n<p>O curso inclui:<\/p>\n<p>\u2705 Material Digital para Download<br \/>\n\u2705 Acesso por pelo menos 12 meses \u00e0s grava\u00e7\u00f5es das aulas<br \/>\n\u2705 Acesso ao grupo exclusivo de estudos com o professor Giancarlo Kind Schmid<br \/>\n\u2705 Certificado de Conclus\u00e3o ao final do curso<\/p>\n<p>&nbsp;<\/p>\n<p>Informa\u00e7\u00f5es importantes:<\/p>\n<p>\u2022 A aula \u00e9 composta por uma grava\u00e7\u00e3o.<br \/>\n\u2022 Ap\u00f3s a transmiss\u00e3o, a grava\u00e7\u00e3o da aula ser\u00e1 disponibilizada para os alunos por um per\u00edodo m\u00ednimo de 12 meses.<br \/>\n\u2022 O material do curso ser\u00e1 disponibilizado para download ao aluno. O mesmo se compromete a n\u00e3o compartilhar v\u00eddeos, textos, imagens ou qualquer outro material referente ao curso adquirido (sess\u00e3o de uso) com terceiros, sob pena do artigo 184 do C\u00f3digo Penal.<br \/>\n\u2022 Todos os alunos em curso ter\u00e3o acesso ao grupo de estudos via WhatsApp com o professor, para o esclarecimento de d\u00favidas, pr\u00e1ticas e trocas.<br \/>\n\u2022 O Certificado de Conclus\u00e3o ser\u00e1 emitido ap\u00f3s o curso e enviado aos alunos que realizarem todas as aulas e forem apontados como aptos \/ aprovados pelo professor.<\/p>\n<p>&nbsp;<\/p>\n<p>Ao realizar sua inscri\u00e7\u00e3o e matr\u00edcula no curso, o aluno concorda com todos os termos citados neste documento.<\/p>\n","protected":false},"excerpt":{"rendered":"<p>Entender as 22 personalidades existentes nos arcanos maiores e o conceito de persona e sombra se torna relevante para os estudiosos de tarot e, principalmente, para tar\u00f3logos que desejam agregar mais conhecimento em suas leituras.<\/p>\n<p>A partir de uma abordagem junguiana, ser\u00e3o ensinados m\u00e9todos voltados para an\u00e1lise do comportamento humano, o famoso m\u00e9todo do car\u00e1ter (desenvolvido pelo professor), que se prop\u00f5e identificar as inten\u00e7\u00f5es de uma pessoa e o espelho de Merlin, m\u00e9todo profundo para autorreflex\u00e3o e autoan\u00e1lise.<\/p>\n<p>Al\u00e9m disso, os estudos de persona e sombra, nos far\u00e3o chegar a uma compreens\u00e3o profunda de n\u00f3s mesmos e de todos que nos cercam.<\/p>\n<p>Voc\u00ea vai aprender a:<br \/>\n\u2022 Entender as 22 personalidades existentes nos arcanos maiores<br \/>\n\u2022 Luz e Sombra dos arcanos maiores<br \/>\n\u2022 Arcanos introvertidos e extrovertidos<br \/>\n\u2022 Imagem arquet\u00edpica dos arcanos<br \/>\n\u2022 M\u00e9todo Car\u00e1ter (apresenta\u00e7\u00e3o e pr\u00e1tica)<br \/>\n\u2022 M\u00e9todo do Eu (apresenta\u00e7\u00e3o e pr\u00e1tica)<br \/>\n\u2022 M\u00e9todo Espelho de Merlin (apresenta\u00e7\u00e3o)<\/p>\n<p>Ganhe acesso a t\u00e9cnicas pr\u00e1ticas e avan\u00e7adas que v\u00e3o transformar seu Tarot:<br \/>\n\u2022 M\u00e9todos testados e sistematizados em anos de estudo<br \/>\n\u2022 T\u00e9cnicas exclusivas que voc\u00ea n\u00e3o encontra em qualquer lugar<br \/>\n\u2022 Leitura mais din\u00e2mica, profunda e assertiva<\/p>\n<p>Torne-se um tar\u00f3logo mais confiante, intuitivo e completo.<\/p>\n<p>O curso inclui:<\/p>\n<p>\u2705 Material Digital para Download<br \/>\n\u2705 Acesso por pelo menos 12 meses \u00e0s grava\u00e7\u00f5es das aulas<br \/>\n\u2705 Acesso ao grupo exclusivo de estudos com o professor Giancarlo Kind Schmid<br \/>\n\u2705 Certificado de Conclus\u00e3o ao final do curso<\/p>\n<p>&nbsp;<\/p>\n<p>Informa\u00e7\u00f5es importantes:<\/p>\n<p>\u2022 A aula \u00e9 composta por uma grava\u00e7\u00e3o.<br \/>\n\u2022 Ap\u00f3s a transmiss\u00e3o, a grava\u00e7\u00e3o da aula ser\u00e1 disponibilizada para os alunos por um per\u00edodo m\u00ednimo de 12 meses.<br \/>\n\u2022 O material do curso ser\u00e1 disponibilizado para download ao aluno. O mesmo se compromete a n\u00e3o compartilhar v\u00eddeos, textos, imagens ou qualquer outro material referente ao curso adquirido (sess\u00e3o de uso) com terceiros, sob pena do artigo 184 do C\u00f3digo Penal.<br \/>\n\u2022 Todos os alunos em curso ter\u00e3o acesso ao grupo de estudos via WhatsApp com o professor, para o esclarecimento de d\u00favidas, pr\u00e1ticas e trocas.<br \/>\n\u2022 O Certificado de Conclus\u00e3o ser\u00e1 emitido ap\u00f3s o curso e enviado aos alunos que realizarem todas as aulas e forem apontados como aptos \/ aprovados pelo professor.<\/p>\n<p>&nbsp;<\/p>\n<p>Ao realizar sua inscri\u00e7\u00e3o e matr\u00edcula no curso, o aluno concorda com todos os termos citados neste documento.<\/p>\n","protected":false},"featured_media":16536,"comment_status":"closed","ping_status":"closed","template":"","meta":{"content-type":"","_joinchat":[]},"product_brand":[],"product_cat":[101,100],"product_tag":[],"class_list":{"0":"post-16535","1":"product","2":"type-product","3":"status-publish","4":"has-post-thumbnail","6":"product_cat-oraculos","7":"product_cat-tarot","9":"first","10":"instock","11":"sale","12":"virtual","13":"purchasable","14":"product-type-simple"},"_links":{"self":[{"href":"https:\/\/espacomerkaba.com.br\/site\/wp-json\/wp\/v2\/product\/16535","targetHints":{"allow":["GET"]}}],"collection":[{"href":"https:\/\/espacomerkaba.com.br\/site\/wp-json\/wp\/v2\/product"}],"about":[{"href":"https:\/\/espacomerkaba.com.br\/site\/wp-json\/wp\/v2\/types\/product"}],"replies":[{"embeddable":true,"href":"https:\/\/espacomerkaba.com.br\/site\/wp-json\/wp\/v2\/comments?post=16535"}],"version-history":[{"count":3,"href":"https:\/\/espacomerkaba.com.br\/site\/wp-json\/wp\/v2\/product\/16535\/revisions"}],"predecessor-version":[{"id":16733,"href":"https:\/\/espacomerkaba.com.br\/site\/wp-json\/wp\/v2\/product\/16535\/revisions\/16733"}],"wp:featuredmedia":[{"embeddable":true,"href":"https:\/\/espacomerkaba.com.br\/site\/wp-json\/wp\/v2\/media\/16536"}],"wp:attachment":[{"href":"https:\/\/espacomerkaba.com.br\/site\/wp-json\/wp\/v2\/media?parent=16535"}],"wp:term":[{"taxonomy":"product_brand","embeddable":true,"href":"https:\/\/espacomerkaba.com.br\/site\/wp-json\/wp\/v2\/product_brand?post=16535"},{"taxonomy":"product_cat","embeddable":true,"href":"https:\/\/espacomerkaba.com.br\/site\/wp-json\/wp\/v2\/product_cat?post=16535"},{"taxonomy":"product_tag","embeddable":true,"href":"https:\/\/espacomerkaba.com.br\/site\/wp-json\/wp\/v2\/product_tag?post=16535"}],"curies":[{"name":"wp","href":"https:\/\/api.w.org\/{rel}","templated":true}]}}