{"id":16634,"date":"2025-11-06T15:51:46","date_gmt":"2025-11-06T18:51:46","guid":{"rendered":"https:\/\/espacomerkaba.com.br\/site\/?post_type=product&#038;p=16634"},"modified":"2026-01-21T15:17:21","modified_gmt":"2026-01-21T18:17:21","slug":"curso-mandala-astrologica","status":"publish","type":"product","link":"https:\/\/espacomerkaba.com.br\/site\/produto\/curso-mandala-astrologica\/","title":{"rendered":"Curso Mandala Astrol\u00f3gica com o Tarot"},"content":{"rendered":"<p>Mandala Astrol\u00f3gica, com Giancarlo Kind Schmid, \u00e9 um curso essencial para tar\u00f3logos e estudantes que desejam ir al\u00e9m da leitura superficial das cartas e mergulhar nas t\u00e9cnicas de uma leitura de tarot mais ampla e profunda.<\/p>\n<p>Desde o cartomante Etteilla, que adaptou o mandala para o tar\u00f4, talvez seja esse um dos mais populares m\u00e9todos de leitura. Conhecimento sobre a natureza das casas, signos e reg\u00eancias, aspectos entre os arcanos, dignifica\u00e7\u00e3o atrav\u00e9s dos naipes, deriva\u00e7\u00e3o de casas (alcance para outras \u00e1reas da vida do consulente), arcanos ocultos e outros importantes indicadores nas leituras e an\u00e1lises.<\/p>\n<p>Temas abordados no Curso:<\/p>\n<p>\u2022 Montagem do m\u00e9todo e utilidades<br \/>\n\u2022 Entendendo as doze casas astrol\u00f3gicas<br \/>\n\u2022 Estudo das casas derivadas<br \/>\n\u2022 Identifica\u00e7\u00e3o do comportamento atrav\u00e9s dos 04 planos pessoais (f\u00edsico, mental, emocional e espiritual)<br \/>\n\u2022 Descobrindo e trabalhando com os arcanos dominantes<br \/>\n\u2022 Arcanos &#8220;em conflito&#8221; &#8211; como superar as crises identificadas<br \/>\n\u2022 Quando um naipe ganha ou perde for\u00e7a<br \/>\n\u2022 Import\u00e2ncia dos arcanos ocultos nas posi\u00e7\u00f5es<br \/>\n\u2022 Reflex\u00f5es e pr\u00e1ticas sobre o m\u00e9todo<\/p>\n<p>Esse estudo vai muito al\u00e9m da teoria. Ele convida voc\u00ea a uma jornada de autoconhecimento e transforma\u00e7\u00e3o, oferecendo ferramentas pr\u00e1ticas para compreender a si mesmo e aos outros com mais clareza e profundidade.<\/p>\n<p>O curso inclui:<\/p>\n<p>\u2705 Material Digital para Download<br \/>\n\u2705 Acesso por pelo menos 12 meses \u00e0s grava\u00e7\u00f5es das aulas<br \/>\n\u2705 Acesso ao grupo exclusivo de estudos com o professor Giancarlo Kind Schmid<br \/>\n\u2705 Certificado de Conclus\u00e3o ao final do curso<\/p>\n<p>&nbsp;<\/p>\n<p>Informa\u00e7\u00f5es importantes:<\/p>\n<p>\u2022 As aulas s\u00e3o compostas por duas grava\u00e7\u00f5es.<br \/>\n\u2022 Ap\u00f3s a transmiss\u00e3o, a grava\u00e7\u00e3o da aula ser\u00e1 disponibilizada para os alunos por um per\u00edodo m\u00ednimo de 12 meses.<br \/>\n\u2022 O material do curso ser\u00e1 disponibilizado para download ao aluno. O mesmo se compromete a n\u00e3o compartilhar v\u00eddeos, textos, imagens ou qualquer outro material referente ao curso adquirido (sess\u00e3o de uso) com terceiros, sob pena do artigo 184 do C\u00f3digo Penal.<br \/>\n\u2022 Todos os alunos em curso ter\u00e3o acesso ao grupo de estudos via WhatsApp com o professor, para o esclarecimento de d\u00favidas, pr\u00e1ticas e trocas.<br \/>\n\u2022 O Certificado de Conclus\u00e3o ser\u00e1 emitido ap\u00f3s o curso e enviado aos alunos que realizarem todas as aulas e forem apontados como aptos \/ aprovados pelo professor.<\/p>\n<p>&nbsp;<\/p>\n<p>Ao realizar sua inscri\u00e7\u00e3o e matr\u00edcula no curso, o aluno concorda com todos os termos citados neste documento.<\/p>\n","protected":false},"excerpt":{"rendered":"<p>Mandala Astrol\u00f3gica, com Giancarlo Kind Schmid, \u00e9 um curso essencial para tar\u00f3logos e estudantes que desejam ir al\u00e9m da leitura superficial das cartas e mergulhar nas t\u00e9cnicas de uma leitura de tarot mais ampla e profunda.<\/p>\n<p>Desde o cartomante Etteilla, que adaptou o mandala para o tar\u00f4, talvez seja esse um dos mais populares m\u00e9todos de leitura. Conhecimento sobre a natureza das casas, signos e reg\u00eancias, aspectos entre os arcanos, dignifica\u00e7\u00e3o atrav\u00e9s dos naipes, deriva\u00e7\u00e3o de casas (alcance para outras \u00e1reas da vida do consulente), arcanos ocultos e outros importantes indicadores nas leituras e an\u00e1lises.<\/p>\n<p>Temas abordados no Curso:<\/p>\n<p>\u2022 Montagem do m\u00e9todo e utilidades<br \/>\n\u2022 Entendendo as doze casas astrol\u00f3gicas<br \/>\n\u2022 Estudo das casas derivadas<br \/>\n\u2022 Identifica\u00e7\u00e3o do comportamento atrav\u00e9s dos 04 planos pessoais (f\u00edsico, mental, emocional e espiritual)<br \/>\n\u2022 Descobrindo e trabalhando com os arcanos dominantes<br \/>\n\u2022 Arcanos &#8220;em conflito&#8221; &#8211; como superar as crises identificadas<br \/>\n\u2022 Quando um naipe ganha ou perde for\u00e7a<br \/>\n\u2022 Import\u00e2ncia dos arcanos ocultos nas posi\u00e7\u00f5es<br \/>\n\u2022 Reflex\u00f5es e pr\u00e1ticas sobre o m\u00e9todo<\/p>\n<p>Esse estudo vai muito al\u00e9m da teoria. Ele convida voc\u00ea a uma jornada de autoconhecimento e transforma\u00e7\u00e3o, oferecendo ferramentas pr\u00e1ticas para compreender a si mesmo e aos outros com mais clareza e profundidade.<\/p>\n<p>O curso inclui:<\/p>\n<p>\u2705 Material Digital para Download<br \/>\n\u2705 Acesso por pelo menos 12 meses \u00e0s grava\u00e7\u00f5es das aulas<br \/>\n\u2705 Acesso ao grupo exclusivo de estudos com o professor Giancarlo Kind Schmid<br \/>\n\u2705 Certificado de Conclus\u00e3o ao final do curso<\/p>\n<p>&nbsp;<\/p>\n<p>Informa\u00e7\u00f5es importantes:<\/p>\n<p>\u2022 As aulas s\u00e3o compostas por duas grava\u00e7\u00f5es.<br \/>\n\u2022 Ap\u00f3s a transmiss\u00e3o, a grava\u00e7\u00e3o da aula ser\u00e1 disponibilizada para os alunos por um per\u00edodo m\u00ednimo de 12 meses.<br \/>\n\u2022 O material do curso ser\u00e1 disponibilizado para download ao aluno. O mesmo se compromete a n\u00e3o compartilhar v\u00eddeos, textos, imagens ou qualquer outro material referente ao curso adquirido (sess\u00e3o de uso) com terceiros, sob pena do artigo 184 do C\u00f3digo Penal.<br \/>\n\u2022 Todos os alunos em curso ter\u00e3o acesso ao grupo de estudos via WhatsApp com o professor, para o esclarecimento de d\u00favidas, pr\u00e1ticas e trocas.<br \/>\n\u2022 O Certificado de Conclus\u00e3o ser\u00e1 emitido ap\u00f3s o curso e enviado aos alunos que realizarem todas as aulas e forem apontados como aptos \/ aprovados pelo professor.<\/p>\n<p>&nbsp;<\/p>\n<p>Ao realizar sua inscri\u00e7\u00e3o e matr\u00edcula no curso, o aluno concorda com todos os termos citados neste documento.<\/p>\n","protected":false},"featured_media":16696,"comment_status":"closed","ping_status":"closed","template":"","meta":{"content-type":"","_joinchat":[]},"product_brand":[],"product_cat":[101,100],"product_tag":[],"class_list":{"0":"post-16634","1":"product","2":"type-product","3":"status-publish","4":"has-post-thumbnail","6":"product_cat-oraculos","7":"product_cat-tarot","9":"first","10":"instock","11":"sale","12":"virtual","13":"purchasable","14":"product-type-simple"},"_links":{"self":[{"href":"https:\/\/espacomerkaba.com.br\/site\/wp-json\/wp\/v2\/product\/16634","targetHints":{"allow":["GET"]}}],"collection":[{"href":"https:\/\/espacomerkaba.com.br\/site\/wp-json\/wp\/v2\/product"}],"about":[{"href":"https:\/\/espacomerkaba.com.br\/site\/wp-json\/wp\/v2\/types\/product"}],"replies":[{"embeddable":true,"href":"https:\/\/espacomerkaba.com.br\/site\/wp-json\/wp\/v2\/comments?post=16634"}],"version-history":[{"count":3,"href":"https:\/\/espacomerkaba.com.br\/site\/wp-json\/wp\/v2\/product\/16634\/revisions"}],"predecessor-version":[{"id":16729,"href":"https:\/\/espacomerkaba.com.br\/site\/wp-json\/wp\/v2\/product\/16634\/revisions\/16729"}],"wp:featuredmedia":[{"embeddable":true,"href":"https:\/\/espacomerkaba.com.br\/site\/wp-json\/wp\/v2\/media\/16696"}],"wp:attachment":[{"href":"https:\/\/espacomerkaba.com.br\/site\/wp-json\/wp\/v2\/media?parent=16634"}],"wp:term":[{"taxonomy":"product_brand","embeddable":true,"href":"https:\/\/espacomerkaba.com.br\/site\/wp-json\/wp\/v2\/product_brand?post=16634"},{"taxonomy":"product_cat","embeddable":true,"href":"https:\/\/espacomerkaba.com.br\/site\/wp-json\/wp\/v2\/product_cat?post=16634"},{"taxonomy":"product_tag","embeddable":true,"href":"https:\/\/espacomerkaba.com.br\/site\/wp-json\/wp\/v2\/product_tag?post=16634"}],"curies":[{"name":"wp","href":"https:\/\/api.w.org\/{rel}","templated":true}]}}